{"id":7,"date":"2025-10-20T17:10:35","date_gmt":"2025-10-20T15:10:35","guid":{"rendered":"https:\/\/st-omer-secourisme.fr\/?page_id=7"},"modified":"2025-10-20T18:10:01","modified_gmt":"2025-10-20T16:10:01","slug":"accueil","status":"publish","type":"page","link":"https:\/\/st-omer-secourisme.fr\/","title":{"rendered":"Accueil"},"content":{"rendered":"\n<p class=\"has-text-align-center\">Le CFSI est une association loi de 1901, agr\u00e9\u00e9e par l\u2019Union D\u00e9partementale des Sapeurs-Pompiers du Pas-de-Calais . Affili\u00e9e \u00e0 la F\u00e9d\u00e9ration Nationale des sapeurs-pompiers de France, elle a \u00e9t\u00e9 cr\u00e9\u00e9e en 1998 et se situe \u00e0 Longuenesse, dans les locaux du centre d\u2019incendie et de secours, 10 Avenue Ren\u00e9 DESCARTES et regroupe une quinzaine de formateurs tout confondu.<\/p>\n","protected":false},"excerpt":{"rendered":"<p>Le CFSI est une association loi de 1901, agr\u00e9\u00e9e par l\u2019Union D\u00e9partementale des Sapeurs-Pompiers du Pas-de-Calais . Affili\u00e9e \u00e0 la F\u00e9d\u00e9ration Nationale des sapeurs-pompiers de &hellip;<\/p>\n","protected":false},"author":1,"featured_media":0,"parent":0,"menu_order":0,"comment_status":"closed","ping_status":"closed","template":"","meta":{"_monsterinsights_skip_tracking":false,"_monsterinsights_sitenote_active":false,"_monsterinsights_sitenote_note":"","_monsterinsights_sitenote_category":0,"footnotes":""},"class_list":["post-7","page","type-page","status-publish","hentry"],"aioseo_notices":[],"jetpack_sharing_enabled":true,"_links":{"self":[{"href":"https:\/\/st-omer-secourisme.fr\/index.php?rest_route=\/wp\/v2\/pages\/7","targetHints":{"allow":["GET"]}}],"collection":[{"href":"https:\/\/st-omer-secourisme.fr\/index.php?rest_route=\/wp\/v2\/pages"}],"about":[{"href":"https:\/\/st-omer-secourisme.fr\/index.php?rest_route=\/wp\/v2\/types\/page"}],"author":[{"embeddable":true,"href":"https:\/\/st-omer-secourisme.fr\/index.php?rest_route=\/wp\/v2\/users\/1"}],"replies":[{"embeddable":true,"href":"https:\/\/st-omer-secourisme.fr\/index.php?rest_route=%2Fwp%2Fv2%2Fcomments&post=7"}],"version-history":[{"count":2,"href":"https:\/\/st-omer-secourisme.fr\/index.php?rest_route=\/wp\/v2\/pages\/7\/revisions"}],"predecessor-version":[{"id":58,"href":"https:\/\/st-omer-secourisme.fr\/index.php?rest_route=\/wp\/v2\/pages\/7\/revisions\/58"}],"wp:attachment":[{"href":"https:\/\/st-omer-secourisme.fr\/index.php?rest_route=%2Fwp%2Fv2%2Fmedia&parent=7"}],"curies":[{"name":"wp","href":"https:\/\/api.w.org\/{rel}","templated":true}]}}